{"id":2576,"date":"2021-09-01T15:32:33","date_gmt":"2021-09-01T14:32:33","guid":{"rendered":"https:\/\/betskiredj.com\/www\/?page_id=2576"},"modified":"2025-05-30T08:52:06","modified_gmt":"2025-05-30T07:52:06","slug":"notre-equipe","status":"publish","type":"page","link":"https:\/\/betskiredj.com\/www\/notre-equipe\/","title":{"rendered":"Notre \u00e9quipe"},"content":{"rendered":"\t\t<div data-elementor-type=\"wp-page\" data-elementor-id=\"2576\" class=\"elementor elementor-2576\" data-elementor-post-type=\"page\">\n\t\t\t\t\t\t<section class=\"elementor-section elementor-top-section elementor-element elementor-element-3c801bf4 elementor-section-full_width elementor-section-content-middle elementor-section-height-min-height elementor-section-height-default elementor-section-items-middle\" data-id=\"3c801bf4\" data-element_type=\"section\" data-e-type=\"section\" data-settings=\"{&quot;background_background&quot;:&quot;classic&quot;}\">\n\t\t\t\t\t\t\t<div class=\"elementor-background-overlay\"><\/div>\n\t\t\t\t\t\t\t<div class=\"elementor-container elementor-column-gap-no\">\n\t\t\t\t\t<div class=\"elementor-column elementor-col-100 elementor-top-column elementor-element elementor-element-13e3887\" data-id=\"13e3887\" data-element_type=\"column\" data-e-type=\"column\">\n\t\t\t<div class=\"elementor-widget-wrap elementor-element-populated\">\n\t\t\t\t\t\t<div class=\"elementor-element elementor-element-5569d9a6 elementor-widget elementor-widget-pp-breadcrumbs\" data-id=\"5569d9a6\" data-element_type=\"widget\" data-e-type=\"widget\" data-settings=\"{&quot;breadcrumbs_type&quot;:&quot;powerpack&quot;}\" data-widget_type=\"pp-breadcrumbs.default\">\n\t\t\t\t<div class=\"elementor-widget-container\">\n\t\t\t\t\t<ul class=\"pp-breadcrumbs pp-breadcrumbs-powerpack\">\t\t<li class=\"pp-breadcrumbs-item pp-breadcrumbs-item-home\">\n\t\t\t<a class=\"pp-breadcrumbs-crumb pp-breadcrumbs-crumb-link pp-breadcrumbs-crumb-home\" href=\"https:\/\/betskiredj.com\/www\" title=\"\">\n\t\t\t\t<span class=\"pp-breadcrumbs-text\">\n\t\t\t\t\t\t\t\t\t\t\t<span class=\"pp-icon\">\n\t\t\t\t\t\t\t<i aria-hidden=\"true\" class=\"iconsv2- icons-v2-homeIcon\"><\/i>\t\t\t\t\t\t<\/span>\n\t\t\t\t\t\t\t\t\t\t\t\t\t\t<\/span>\n\t\t\t<\/a>\n\t\t<\/li>\n\t\t<li class=\"pp-breadcrumbs-separator\"><span class=\"pp-breadcrumbs-separator-text\">\/<\/span><\/li><\/ul>\t\t\t\t<\/div>\n\t\t\t\t<\/div>\n\t\t\t\t<div class=\"elementor-element elementor-element-af4c4c8 elementor-widget elementor-widget-pp-advanced-accordion\" data-id=\"af4c4c8\" data-element_type=\"widget\" data-e-type=\"widget\" data-settings=\"{&quot;accordion_type&quot;:&quot;accordion&quot;,&quot;toggle_speed&quot;:300}\" data-widget_type=\"pp-advanced-accordion.default\">\n\t\t\t\t<div class=\"elementor-widget-container\">\n\t\t\t\t\t\t\t<div class=\"pp-advanced-accordion pp-toggle-icon-align-right\" id=\"pp-advanced-accordion-af4c4c8\" data-accordion-id=\"af4c4c8\" role=\"tablist\">\n\t\t\t\t\t\t\t<div class=\"pp-accordion-item\">\n\t\t\t\t\t\t\t\t\t\t<div id=\"pp-accordion-tab-title-1831\" class=\"pp-accordion-tab-title\" tabindex=\"0\" data-tab=\"1\" role=\"tab\" aria-controls=\"pp-accordion-tab-content-1831\" aria-expanded=\"false\">\n\t\t\t\t\t\t<span class=\"pp-accordion-title-icon\">\n\t\t\t\t\t\t\t\t\t\t\t\t\t\t<span class=\"pp-accordion-title-text\">\n\t\t\t\t\t\t\t\tOrganigramme Technique\t\t\t\t\t\t\t<\/span>\n\t\t\t\t\t\t<\/span>\n\t\t\t\t\t\t\t\t\t\t\t\t\t<div class=\"pp-accordion-toggle-icon\">\n\t\t\t\t\t\t\t\t\t\t\t\t\t\t\t\t\t<span class='pp-accordion-toggle-icon-close pp-icon'>\n\t\t\t\t\t\t\t\t\t\t<i aria-hidden=\"true\" class=\"iconsv2- icons-v2-downIcon\"><\/i>\t\t\t\t\t\t\t\t\t<\/span>\n\t\t\t\t\t\t\t\t\t\t\t\t\t\t\t\t\t\t\t\t\t\t\t\t\t<span class='pp-accordion-toggle-icon-open pp-icon'>\n\t\t\t\t\t\t\t\t\t\t<i aria-hidden=\"true\" class=\"iconsv2- icons-v2-upIcon\"><\/i>\t\t\t\t\t\t\t\t\t<\/span>\n\t\t\t\t\t\t\t\t\t\t\t\t\t\t\t<\/div>\n\t\t\t\t\t\t\t\t\t\t\t<\/div>\n\n\t\t\t\t\t<div id=\"pp-accordion-tab-content-1831\" class=\"pp-accordion-tab-content\" data-tab=\"1\" role=\"tabpanel\" aria-labelledby=\"pp-accordion-tab-title-1831\">\n\t\t\t\t\t\t<p><a href=\"https:\/\/www.betskiredj.com\/www\/wp-content\/uploads\/2021\/12\/organigramme-technique.svg\"><img fetchpriority=\"high\" decoding=\"async\" class=\"size-full wp-image-6694 aligncenter\" src=\"https:\/\/www.betskiredj.com\/www\/wp-content\/uploads\/2021\/12\/organigramme-technique.svg\" alt=\"\" width=\"2065\" height=\"551\" \/><\/a><\/p>\t\t\t\t\t<\/div>\n\t\t\t\t<\/div>\n\t\t\t\t\t\t\t<div class=\"pp-accordion-item\">\n\t\t\t\t\t\t\t\t\t\t<div id=\"pp-accordion-tab-title-1832\" class=\"pp-accordion-tab-title\" tabindex=\"0\" data-tab=\"2\" role=\"tab\" aria-controls=\"pp-accordion-tab-content-1832\" aria-expanded=\"false\">\n\t\t\t\t\t\t<span class=\"pp-accordion-title-icon\">\n\t\t\t\t\t\t\t\t\t\t\t\t\t\t<span class=\"pp-accordion-title-text\">\n\t\t\t\t\t\t\t\tOrganigramme BIM\t\t\t\t\t\t\t<\/span>\n\t\t\t\t\t\t<\/span>\n\t\t\t\t\t\t\t\t\t\t\t\t\t<div class=\"pp-accordion-toggle-icon\">\n\t\t\t\t\t\t\t\t\t\t\t\t\t\t\t\t\t<span class='pp-accordion-toggle-icon-close pp-icon'>\n\t\t\t\t\t\t\t\t\t\t<i aria-hidden=\"true\" class=\"iconsv2- icons-v2-downIcon\"><\/i>\t\t\t\t\t\t\t\t\t<\/span>\n\t\t\t\t\t\t\t\t\t\t\t\t\t\t\t\t\t\t\t\t\t\t\t\t\t<span class='pp-accordion-toggle-icon-open pp-icon'>\n\t\t\t\t\t\t\t\t\t\t<i aria-hidden=\"true\" class=\"iconsv2- icons-v2-upIcon\"><\/i>\t\t\t\t\t\t\t\t\t<\/span>\n\t\t\t\t\t\t\t\t\t\t\t\t\t\t\t<\/div>\n\t\t\t\t\t\t\t\t\t\t\t<\/div>\n\n\t\t\t\t\t<div id=\"pp-accordion-tab-content-1832\" class=\"pp-accordion-tab-content\" data-tab=\"2\" role=\"tabpanel\" aria-labelledby=\"pp-accordion-tab-title-1832\">\n\t\t\t\t\t\t<p><a href=\"https:\/\/www.betskiredj.com\/www\/wp-content\/uploads\/2021\/12\/organigramme-bim.svg\"><img decoding=\"async\" class=\"size-full wp-image-6687 aligncenter\" src=\"https:\/\/www.betskiredj.com\/www\/wp-content\/uploads\/2021\/12\/organigramme-bim.svg\" alt=\"\" width=\"1550\" height=\"1158\" \/><\/a><\/p>\t\t\t\t\t<\/div>\n\t\t\t\t<\/div>\n\t\t\t\t\t<\/div>\n\t\t\t\t\t\t<\/div>\n\t\t\t\t<\/div>\n\t\t\t\t\t<\/div>\n\t\t<\/div>\n\t\t\t\t\t<\/div>\n\t\t<\/section>\n\t\t\t\t<section class=\"elementor-section elementor-top-section elementor-element elementor-element-4220cf1 elementor-section-boxed elementor-section-height-default elementor-section-height-default\" data-id=\"4220cf1\" data-element_type=\"section\" data-e-type=\"section\">\n\t\t\t\t\t\t<div class=\"elementor-container elementor-column-gap-default\">\n\t\t\t\t\t<div class=\"elementor-column elementor-col-100 elementor-top-column elementor-element elementor-element-303bac0\" data-id=\"303bac0\" data-element_type=\"column\" data-e-type=\"column\">\n\t\t\t<div class=\"elementor-widget-wrap elementor-element-populated\">\n\t\t\t\t\t\t<div class=\"elementor-element elementor-element-0145110 elementor-widget elementor-widget-heading\" data-id=\"0145110\" data-element_type=\"widget\" data-e-type=\"widget\" data-widget_type=\"heading.default\">\n\t\t\t\t<div class=\"elementor-widget-container\">\n\t\t\t\t\t<h1 class=\"elementor-heading-title elementor-size-default\">Notre \u00e9quipe<\/h1>\t\t\t\t<\/div>\n\t\t\t\t<\/div>\n\t\t\t\t<div class=\"elementor-element elementor-element-9e285cd elementor-widget elementor-widget-text-editor\" data-id=\"9e285cd\" data-element_type=\"widget\" data-e-type=\"widget\" data-widget_type=\"text-editor.default\">\n\t\t\t\t<div class=\"elementor-widget-container\">\n\t\t\t\t\t\t\t\t\t<p>Notre \u00e9quipe est compos\u00e9e d\u2019une Direction G\u00e9n\u00e9rale ainsi que de 2 Directions :<br \/>\u2022 Direction Technique<br \/>\u2022 Direction BIM<\/p>\t\t\t\t\t\t\t\t<\/div>\n\t\t\t\t<\/div>\n\t\t\t\t\t<\/div>\n\t\t<\/div>\n\t\t\t\t\t<\/div>\n\t\t<\/section>\n\t\t\t\t<section class=\"elementor-section elementor-top-section elementor-element elementor-element-420877d elementor-section-boxed elementor-section-height-default elementor-section-height-default\" data-id=\"420877d\" data-element_type=\"section\" data-e-type=\"section\">\n\t\t\t\t\t\t<div class=\"elementor-container elementor-column-gap-default\">\n\t\t\t\t\t<div class=\"elementor-column elementor-col-100 elementor-top-column elementor-element elementor-element-dba0661\" data-id=\"dba0661\" data-element_type=\"column\" data-e-type=\"column\">\n\t\t\t<div class=\"elementor-widget-wrap elementor-element-populated\">\n\t\t\t\t\t\t<div class=\"elementor-element elementor-element-6383bbf elementor-widget elementor-widget-pp-advanced-accordion\" data-id=\"6383bbf\" data-element_type=\"widget\" data-e-type=\"widget\" data-settings=\"{&quot;accordion_type&quot;:&quot;accordion&quot;,&quot;toggle_speed&quot;:300}\" data-widget_type=\"pp-advanced-accordion.default\">\n\t\t\t\t<div class=\"elementor-widget-container\">\n\t\t\t\t\t\t\t<div class=\"pp-advanced-accordion pp-toggle-icon-align-right\" id=\"pp-advanced-accordion-6383bbf\" data-accordion-id=\"6383bbf\" role=\"tablist\">\n\t\t\t\t\t\t\t<div class=\"pp-accordion-item pp-accordion-item-active\">\n\t\t\t\t\t\t\t\t\t\t<div id=\"pp-accordion-tab-title-1041\" class=\"pp-accordion-tab-title pp-accordion-tab-active-default\" tabindex=\"0\" data-tab=\"1\" role=\"tab\" aria-controls=\"pp-accordion-tab-content-1041\" aria-expanded=\"true\">\n\t\t\t\t\t\t<span class=\"pp-accordion-title-icon\">\n\t\t\t\t\t\t\t\t\t\t\t\t\t\t<span class=\"pp-accordion-title-text\">\n\t\t\t\t\t\t\t\t\n        <div class=\"equipe-wrap\">\n        <img decoding=\"async\" class=\"equipe-img\" src=\"https:\/\/www.betskiredj.com\/www\/wp-content\/uploads\/2018\/11\/Nizar.jpg\" \/>\n        <div class=\"equipe-details\">\n        <h3>Nizar SKIREDJ<\/h3>\n        <p>Directeur G\u00e9n\u00e9ral<\/p>\n        <\/div>\n        <\/div>\t\t\t\t\t\t\t<\/span>\n\t\t\t\t\t\t<\/span>\n\t\t\t\t\t\t\t\t\t\t\t\t\t<div class=\"pp-accordion-toggle-icon\">\n\t\t\t\t\t\t\t\t\t\t\t\t\t\t\t\t\t<span class='pp-accordion-toggle-icon-close pp-icon'>\n\t\t\t\t\t\t\t\t\t\t<svg xmlns=\"http:\/\/www.w3.org\/2000\/svg\" width=\"48\" height=\"48\" viewBox=\"0 0 48 48\" fill=\"none\"><rect width=\"48\" height=\"48\" rx=\"5\" fill=\"#44BFD4\"><\/rect><path d=\"M36 21.8341H27.1659V13H21.8341V21.8341H13V27.1659H21.8341V36H27.1659V27.1659H36V21.8341Z\" fill=\"white\"><\/path><\/svg>\t\t\t\t\t\t\t\t\t<\/span>\n\t\t\t\t\t\t\t\t\t\t\t\t\t\t\t\t\t\t\t\t\t\t\t<\/div>\n\t\t\t\t\t\t\t\t\t\t\t<\/div>\n\n\t\t\t\t\t<div id=\"pp-accordion-tab-content-1041\" class=\"pp-accordion-tab-content pp-accordion-tab-active-default\" data-tab=\"1\" role=\"tabpanel\" aria-labelledby=\"pp-accordion-tab-title-1041\">\n\t\t\t\t\t\t<p>Nizar Skiredj dirige l\u2019entreprise avec passion et les petits bonheurs des r\u00e9ussites.<\/p><p>Lui se d\u00e9crit comme un \u00ab curieux insatiable \u00bb et se veut \u00ab leader humaniste \u00bb.<\/p><p>Homme port\u00e9 par des vertus et un h\u00e9ritage (\u00ab Celui des savoirs \u00bb), Nizar croit au serieux , \u00e0 l\u2019innovation \u00a0et a l\u2019excellence comme valeurs cardinales.<\/p><p><a style=\"margin-top: 12px; display: block; text-decoration: underline;\" href=\"https:\/\/www.betskiredj.com\/www\/portrait-nizar-skiredj\/\">Voir le portrait complet<\/a><\/p><p><a style=\"display: flex; align-items: center; margin-top: 24px;\" href=\"https:\/\/www.linkedin.com\/in\/nizarskiredj\" target=\"_blank\" rel=\"noopener\"><img decoding=\"async\" class=\"size-full wp-image-4966 alignleft\" style=\"vertical-align: middle;\" src=\"https:\/\/www.betskiredj.com\/www\/wp-content\/uploads\/2021\/10\/linkedin-icon.svg\" alt=\"\" width=\"36\" height=\"36\" \/><br \/><span style=\"color: black; font-weight: 600; font-size: 1.25rem;\">En savoir plus<\/span><\/a><\/p>\t\t\t\t\t<\/div>\n\t\t\t\t<\/div>\n\t\t\t\t\t\t\t<div class=\"pp-accordion-item\">\n\t\t\t\t\t\t\t\t\t\t<div id=\"pp-accordion-tab-title-1042\" class=\"pp-accordion-tab-title\" tabindex=\"0\" data-tab=\"2\" role=\"tab\" aria-controls=\"pp-accordion-tab-content-1042\" aria-expanded=\"false\">\n\t\t\t\t\t\t<span class=\"pp-accordion-title-icon\">\n\t\t\t\t\t\t\t\t\t\t\t\t\t\t<span class=\"pp-accordion-title-text\">\n\t\t\t\t\t\t\t\t\n        <div class=\"equipe-wrap\">\n        <img decoding=\"async\" class=\"equipe-img\" src=\"https:\/\/www.betskiredj.com\/www\/wp-content\/uploads\/2021\/11\/avatar-placeholder.jpeg\" \/>\n        <div class=\"equipe-details\">\n        <h3>Anouar EL HAMIOUI<\/h3>\n        <p>Charg\u00e9 d\u2019\u00e9tudes \u00e9lectriques<\/p>\n        <\/div>\n        <\/div>\t\t\t\t\t\t\t<\/span>\n\t\t\t\t\t\t<\/span>\n\t\t\t\t\t\t\t\t\t\t\t\t\t<div class=\"pp-accordion-toggle-icon\">\n\t\t\t\t\t\t\t\t\t\t\t\t\t\t\t\t\t<span class='pp-accordion-toggle-icon-close pp-icon'>\n\t\t\t\t\t\t\t\t\t\t<svg xmlns=\"http:\/\/www.w3.org\/2000\/svg\" width=\"48\" height=\"48\" viewBox=\"0 0 48 48\" fill=\"none\"><rect width=\"48\" height=\"48\" rx=\"5\" fill=\"#44BFD4\"><\/rect><path d=\"M36 21.8341H27.1659V13H21.8341V21.8341H13V27.1659H21.8341V36H27.1659V27.1659H36V21.8341Z\" fill=\"white\"><\/path><\/svg>\t\t\t\t\t\t\t\t\t<\/span>\n\t\t\t\t\t\t\t\t\t\t\t\t\t\t\t\t\t\t\t\t\t\t\t<\/div>\n\t\t\t\t\t\t\t\t\t\t\t<\/div>\n\n\t\t\t\t\t<div id=\"pp-accordion-tab-content-1042\" class=\"pp-accordion-tab-content\" data-tab=\"2\" role=\"tabpanel\" aria-labelledby=\"pp-accordion-tab-title-1042\">\n\t\t\t\t\t\t<p>Je suis en charge de la r\u00e9alisation et la supervision de l\u2019ensemble des \u00e9tudes \u00e9lectriques.<\/p><p>Je suis dipl\u00f4m\u00e9 de l\u2019\u00e9cole JUK SPEL de l\u2019\u00e9lectricit\u00e9 en 2009, j\u2019ai 12 ans d\u2019exp\u00e9rience. J'ai notamment pu mettre en pratique mes connaissances en dimensionnement des installations \u00e9lectriques CFO\/CFA et des notes de calcul, r\u00e9daction des cahiers des charges, suivi des r\u00e9alisations et de l\u2019avancement des travaux.<\/p><p>J\u2019ai pu d\u00e9velopper mes relations dans le secteur et cultiver mes comp\u00e9tences en me familiarisant avec les innovations du march\u00e9.<\/p><p><a style=\"display: flex; align-items: center; margin-top: 24px;\" href=\"https:\/\/www.linkedin.com\/in\/anouar-el-hamioui-5b38b1133\" target=\"_blank\" rel=\"noopener\"><img decoding=\"async\" class=\"size-full wp-image-4966 alignleft\" style=\"vertical-align: middle;\" src=\"https:\/\/www.betskiredj.com\/www\/wp-content\/uploads\/2021\/10\/linkedin-icon.svg\" alt=\"\" width=\"36\" height=\"36\" \/><br \/><span style=\"color: black; font-weight: 600; font-size: 1.25rem;\">En savoir plus<\/span><\/a><\/p>\t\t\t\t\t<\/div>\n\t\t\t\t<\/div>\n\t\t\t\t\t\t\t<div class=\"pp-accordion-item\">\n\t\t\t\t\t\t\t\t\t\t<div id=\"pp-accordion-tab-title-1043\" class=\"pp-accordion-tab-title\" tabindex=\"0\" data-tab=\"3\" role=\"tab\" aria-controls=\"pp-accordion-tab-content-1043\" aria-expanded=\"false\">\n\t\t\t\t\t\t<span class=\"pp-accordion-title-icon\">\n\t\t\t\t\t\t\t\t\t\t\t\t\t\t<span class=\"pp-accordion-title-text\">\n\t\t\t\t\t\t\t\t\n        <div class=\"equipe-wrap\">\n        <img decoding=\"async\" class=\"equipe-img\" src=\"https:\/\/www.betskiredj.com\/www\/wp-content\/uploads\/2021\/11\/Jihane-Oknouz.jpg\" \/>\n        <div class=\"equipe-details\">\n        <h3>Jihane OKNOUZE<\/h3>\n        <p>Responsable Administratif et Financier<\/p>\n        <\/div>\n        <\/div>\t\t\t\t\t\t\t<\/span>\n\t\t\t\t\t\t<\/span>\n\t\t\t\t\t\t\t\t\t\t\t\t\t<div class=\"pp-accordion-toggle-icon\">\n\t\t\t\t\t\t\t\t\t\t\t\t\t\t\t\t\t<span class='pp-accordion-toggle-icon-close pp-icon'>\n\t\t\t\t\t\t\t\t\t\t<svg xmlns=\"http:\/\/www.w3.org\/2000\/svg\" width=\"48\" height=\"48\" viewBox=\"0 0 48 48\" fill=\"none\"><rect width=\"48\" height=\"48\" rx=\"5\" fill=\"#44BFD4\"><\/rect><path d=\"M36 21.8341H27.1659V13H21.8341V21.8341H13V27.1659H21.8341V36H27.1659V27.1659H36V21.8341Z\" fill=\"white\"><\/path><\/svg>\t\t\t\t\t\t\t\t\t<\/span>\n\t\t\t\t\t\t\t\t\t\t\t\t\t\t\t\t\t\t\t\t\t\t\t<\/div>\n\t\t\t\t\t\t\t\t\t\t\t<\/div>\n\n\t\t\t\t\t<div id=\"pp-accordion-tab-content-1043\" class=\"pp-accordion-tab-content\" data-tab=\"3\" role=\"tabpanel\" aria-labelledby=\"pp-accordion-tab-title-1043\">\n\t\t\t\t\t\t<p>Apr\u00e8s deux ann\u00e9es de droit au sein de la facult\u00e9 de Mekn\u00e8s (Facult\u00e9 des Sciences Juridiques Economiques et Sociales) je me suis orient\u00e9e vers ma branche de pr\u00e9dilection qui est le calcul et la gestion des entreprises.<\/p><p>Apr\u00e8s obtention de ma licence professionnelle en audit et contr\u00f4le de gestion, j'ai int\u00e9gr\u00e9 l'entreprise BET SKIREDJ \u00e0 Tanger (sp\u00e9cialis\u00e9e dans le bureau d'\u00e9tude et la construction immobili\u00e8re) o\u00f9 j'occupe le poste de responsable administrative et financi\u00e8re.<\/p><p>Mes hobbies en dehors du monde professionnel sont en lien avec la nature car je suis originaire d'une r\u00e9gion qui regorge de merveilleux paysages et autres activit\u00e9s, \u00e0 savoir : la d\u00e9couverte de nouveaux lieux, les voyages en famille et entre amis mais aussi l'apprentissage d'une langue \u00e9trang\u00e8re.<\/p><p><a style=\"display: flex; align-items: center; margin-top: 24px;\" href=\"https:\/\/www.linkedin.com\/in\/jihane-oknouze-3a9802220\" target=\"_blank\" rel=\"noopener\"><img decoding=\"async\" class=\"size-full wp-image-4966 alignleft\" style=\"vertical-align: middle;\" src=\"https:\/\/www.betskiredj.com\/www\/wp-content\/uploads\/2021\/10\/linkedin-icon.svg\" alt=\"\" width=\"36\" height=\"36\" \/><br \/><span style=\"color: black; font-weight: 600; font-size: 1.25rem;\">En savoir plus<\/span><\/a><\/p>\t\t\t\t\t<\/div>\n\t\t\t\t<\/div>\n\t\t\t\t\t\t\t<div class=\"pp-accordion-item\">\n\t\t\t\t\t\t\t\t\t\t<div id=\"pp-accordion-tab-title-1044\" class=\"pp-accordion-tab-title\" tabindex=\"0\" data-tab=\"4\" role=\"tab\" aria-controls=\"pp-accordion-tab-content-1044\" aria-expanded=\"false\">\n\t\t\t\t\t\t<span class=\"pp-accordion-title-icon\">\n\t\t\t\t\t\t\t\t\t\t\t\t\t\t<span class=\"pp-accordion-title-text\">\n\t\t\t\t\t\t\t\t\n        <div class=\"equipe-wrap\">\n        <img decoding=\"async\" class=\"equipe-img\" src=\"https:\/\/www.betskiredj.com\/www\/wp-content\/uploads\/2021\/11\/avatar-placeholder.jpeg\" \/>\n        <div class=\"equipe-details\">\n        <h3>Oumaima EL HATRI<\/h3>\n        <p>Ing\u00e9nieure d\u2019\u00e9tat en g\u00e9nie civil<\/p>\n        <\/div>\n        <\/div>\t\t\t\t\t\t\t<\/span>\n\t\t\t\t\t\t<\/span>\n\t\t\t\t\t\t\t\t\t\t\t\t\t<div class=\"pp-accordion-toggle-icon\">\n\t\t\t\t\t\t\t\t\t\t\t\t\t\t\t\t\t<span class='pp-accordion-toggle-icon-close pp-icon'>\n\t\t\t\t\t\t\t\t\t\t<svg xmlns=\"http:\/\/www.w3.org\/2000\/svg\" width=\"48\" height=\"48\" viewBox=\"0 0 48 48\" fill=\"none\"><rect width=\"48\" height=\"48\" rx=\"5\" fill=\"#44BFD4\"><\/rect><path d=\"M36 21.8341H27.1659V13H21.8341V21.8341H13V27.1659H21.8341V36H27.1659V27.1659H36V21.8341Z\" fill=\"white\"><\/path><\/svg>\t\t\t\t\t\t\t\t\t<\/span>\n\t\t\t\t\t\t\t\t\t\t\t\t\t\t\t\t\t\t\t\t\t\t\t<\/div>\n\t\t\t\t\t\t\t\t\t\t\t<\/div>\n\n\t\t\t\t\t<div id=\"pp-accordion-tab-content-1044\" class=\"pp-accordion-tab-content\" data-tab=\"4\" role=\"tabpanel\" aria-labelledby=\"pp-accordion-tab-title-1044\">\n\t\t\t\t\t\t<p>La Conception, les \u00e9tudes et le dimensionnement des structures sont mon c\u0153ur de m\u00e9tier.<br \/>Ma priorit\u00e9 est aujourd'hui de d\u00e9velopper et mettre en place les \u00e9volutions techniques adapt\u00e9es aux besoins de notre client\u00e8le, de fid\u00e9liser et satisfaire le Client.<\/p><p>Disposer de bonnes qualit\u00e9s de raisonnement et de rigueur reste important pour une ing\u00e9nieure, mais aussi, l\u2019organisation, la curiosit\u00e9, l\u2019esprit d\u2019\u00e9quipe et la communication, pour arriver \u00e0 mener \u00e0 bien votre projet dans les d\u00e9lais impartis.<\/p><p>Heureuse d\u2019\u00eatre ing\u00e9nieure au sein de l\u2019entreprise \u00ab BET SKIREDJ \u00bb ; malgr\u00e9 les responsabilit\u00e9s de ce m\u00e9tier, je trouve mon refuge int\u00e9rieur dans mes passions comme le basket, Tennis et le dessin.<\/p>\t\t\t\t\t<\/div>\n\t\t\t\t<\/div>\n\t\t\t\t\t\t\t<div class=\"pp-accordion-item\">\n\t\t\t\t\t\t\t\t\t\t<div id=\"pp-accordion-tab-title-1045\" class=\"pp-accordion-tab-title\" tabindex=\"0\" data-tab=\"5\" role=\"tab\" aria-controls=\"pp-accordion-tab-content-1045\" aria-expanded=\"false\">\n\t\t\t\t\t\t<span class=\"pp-accordion-title-icon\">\n\t\t\t\t\t\t\t\t\t\t\t\t\t\t<span class=\"pp-accordion-title-text\">\n\t\t\t\t\t\t\t\t\n        <div class=\"equipe-wrap\">\n        <img decoding=\"async\" class=\"equipe-img\" src=\"https:\/\/www.betskiredj.com\/www\/wp-content\/uploads\/2021\/12\/Moussa-AIT-LARBI.jpeg\" \/>\n        <div class=\"equipe-details\">\n        <h3>Moussa Ait LARBI<\/h3>\n        <p>Ing\u00e9nieur MEP<\/p>\n        <\/div>\n        <\/div>\t\t\t\t\t\t\t<\/span>\n\t\t\t\t\t\t<\/span>\n\t\t\t\t\t\t\t\t\t\t\t\t\t<div class=\"pp-accordion-toggle-icon\">\n\t\t\t\t\t\t\t\t\t\t\t\t\t\t\t\t\t<span class='pp-accordion-toggle-icon-close pp-icon'>\n\t\t\t\t\t\t\t\t\t\t<svg xmlns=\"http:\/\/www.w3.org\/2000\/svg\" width=\"48\" height=\"48\" viewBox=\"0 0 48 48\" fill=\"none\"><rect width=\"48\" height=\"48\" rx=\"5\" fill=\"#44BFD4\"><\/rect><path d=\"M36 21.8341H27.1659V13H21.8341V21.8341H13V27.1659H21.8341V36H27.1659V27.1659H36V21.8341Z\" fill=\"white\"><\/path><\/svg>\t\t\t\t\t\t\t\t\t<\/span>\n\t\t\t\t\t\t\t\t\t\t\t\t\t\t\t\t\t\t\t\t\t\t\t<\/div>\n\t\t\t\t\t\t\t\t\t\t\t<\/div>\n\n\t\t\t\t\t<div id=\"pp-accordion-tab-content-1045\" class=\"pp-accordion-tab-content\" data-tab=\"5\" role=\"tabpanel\" aria-labelledby=\"pp-accordion-tab-title-1045\">\n\t\t\t\t\t\t<p>Jeune passionn\u00e9e par le secteur \u00e9nerg\u00e9tique, j'ai choisi de suivre une formation en Master sp\u00e9cialis\u00e9 Science de l\u2019eau, de l\u2019\u00e9nergie et de l\u2019environnement.<\/p><p>Apr\u00e8s l\u2019obtention de mon dipl\u00f4me et une exp\u00e9rience r\u00e9ussie en tant qu\u2019ing\u00e9nieur assistant charg\u00e9 d\u2019affaires dans une entreprise de fluides et d'\u00e9lectricit\u00e9, j\u2019ai int\u00e9gr\u00e9 le BUREAU D\u2019ETUDE TECHNIQUE SKIREDJ.<\/p><p>Je suis en charge de la conception, du dimensionnement et de l\u2019\u00e9tude des installations fluides, ainsi que de la r\u00e9daction des pi\u00e8ces \u00e9crites en vue de r\u00e9diger les march\u00e9s de fluides des projets \u00e0 l'\u00e9tude. Cette \u00e9tape des \u00e9tudes est importante car elle permet de ma\u00eetriser l'aspect \u00e9nerg\u00e9tique des b\u00e2timents que nous concevons. Je suis par ailleurs un passionn\u00e9 du ballon rond.<\/p>\t\t\t\t\t<\/div>\n\t\t\t\t<\/div>\n\t\t\t\t\t<\/div>\n\t\t\t\t\t\t<\/div>\n\t\t\t\t<\/div>\n\t\t\t\t\t<\/div>\n\t\t<\/div>\n\t\t\t\t\t<\/div>\n\t\t<\/section>\n\t\t\t\t<section class=\"elementor-section elementor-top-section elementor-element elementor-element-4a952546 elementor-section-full_width elementor-section-height-min-height elementor-section-content-middle elementor-section-height-default elementor-section-items-middle\" data-id=\"4a952546\" data-element_type=\"section\" data-e-type=\"section\">\n\t\t\t\t\t\t<div class=\"elementor-container elementor-column-gap-no\">\n\t\t\t\t\t<div class=\"elementor-column elementor-col-100 elementor-top-column elementor-element elementor-element-4f86b886\" data-id=\"4f86b886\" data-element_type=\"column\" data-e-type=\"column\">\n\t\t\t<div class=\"elementor-widget-wrap elementor-element-populated\">\n\t\t\t\t\t\t<div class=\"elementor-element elementor-element-121fba16 elementor-widget__width-initial elementor-widget-tablet__width-initial elementor-widget-mobile__width-initial elementor-widget elementor-widget-heading\" data-id=\"121fba16\" data-element_type=\"widget\" data-e-type=\"widget\" data-widget_type=\"heading.default\">\n\t\t\t\t<div class=\"elementor-widget-container\">\n\t\t\t\t\t<h3 class=\"elementor-heading-title elementor-size-default\">D\u00e9couvrez nos opportunit\u00e9s<\/h3>\t\t\t\t<\/div>\n\t\t\t\t<\/div>\n\t\t\t\t<div class=\"elementor-element elementor-element-51c30bda elementor-align-center elementor-widget elementor-widget-button\" data-id=\"51c30bda\" data-element_type=\"widget\" data-e-type=\"widget\" data-widget_type=\"button.default\">\n\t\t\t\t<div class=\"elementor-widget-container\">\n\t\t\t\t\t\t\t\t\t<div class=\"elementor-button-wrapper\">\n\t\t\t\t\t<a class=\"elementor-button elementor-button-link elementor-size-sm\" href=\"https:\/\/betskiredj.com\/www\/carrieres\/\">\n\t\t\t\t\t\t<span class=\"elementor-button-content-wrapper\">\n\t\t\t\t\t\t\t\t\t<span class=\"elementor-button-text\">Nous rejoindre<\/span>\n\t\t\t\t\t<\/span>\n\t\t\t\t\t<\/a>\n\t\t\t\t<\/div>\n\t\t\t\t\t\t\t\t<\/div>\n\t\t\t\t<\/div>\n\t\t\t\t\t<\/div>\n\t\t<\/div>\n\t\t\t\t\t<\/div>\n\t\t<\/section>\n\t\t\t\t<\/div>\n\t\t","protected":false},"excerpt":{"rendered":"<p>\/ Organigramme Technique Organigramme BIM Notre \u00e9quipe Notre \u00e9quipe est compos\u00e9e d\u2019une Direction G\u00e9n\u00e9rale ainsi que de 2 Directions :\u2022 Direction Technique\u2022 Direction BIM Nizar Skiredj dirige l\u2019entreprise avec passion et les petits bonheurs des r\u00e9ussites. Lui se d\u00e9crit comme un \u00ab curieux insatiable \u00bb et se veut \u00ab leader humaniste \u00bb. Homme port\u00e9 par [&hellip;]<\/p>\n","protected":false},"author":2,"featured_media":0,"parent":0,"menu_order":0,"comment_status":"closed","ping_status":"closed","template":"elementor_header_footer","meta":{"_acf_changed":false,"footnotes":""},"folder":[201],"class_list":["post-2576","page","type-page","status-publish","hentry"],"acf":[],"_links":{"self":[{"href":"https:\/\/betskiredj.com\/www\/wp-json\/wp\/v2\/pages\/2576","targetHints":{"allow":["GET"]}}],"collection":[{"href":"https:\/\/betskiredj.com\/www\/wp-json\/wp\/v2\/pages"}],"about":[{"href":"https:\/\/betskiredj.com\/www\/wp-json\/wp\/v2\/types\/page"}],"author":[{"embeddable":true,"href":"https:\/\/betskiredj.com\/www\/wp-json\/wp\/v2\/users\/2"}],"replies":[{"embeddable":true,"href":"https:\/\/betskiredj.com\/www\/wp-json\/wp\/v2\/comments?post=2576"}],"version-history":[{"count":6,"href":"https:\/\/betskiredj.com\/www\/wp-json\/wp\/v2\/pages\/2576\/revisions"}],"predecessor-version":[{"id":328400,"href":"https:\/\/betskiredj.com\/www\/wp-json\/wp\/v2\/pages\/2576\/revisions\/328400"}],"wp:attachment":[{"href":"https:\/\/betskiredj.com\/www\/wp-json\/wp\/v2\/media?parent=2576"}],"wp:term":[{"taxonomy":"folder","embeddable":true,"href":"https:\/\/betskiredj.com\/www\/wp-json\/wp\/v2\/folder?post=2576"}],"curies":[{"name":"wp","href":"https:\/\/api.w.org\/{rel}","templated":true}]}}