{"id":2619,"date":"2021-09-01T15:47:35","date_gmt":"2021-09-01T14:47:35","guid":{"rendered":"https:\/\/betskiredj.com\/www\/?page_id=2619"},"modified":"2021-12-22T12:29:59","modified_gmt":"2021-12-22T11:29:59","slug":"mentions-legales","status":"publish","type":"page","link":"https:\/\/betskiredj.com\/www\/mentions-legales\/","title":{"rendered":"Mentions l\u00e9gales"},"content":{"rendered":"\t\t<div data-elementor-type=\"wp-page\" data-elementor-id=\"2619\" class=\"elementor elementor-2619\" data-elementor-post-type=\"page\">\n\t\t\t\t\t\t<section class=\"elementor-section elementor-top-section elementor-element elementor-element-a179ae2 elementor-section-boxed elementor-section-height-default elementor-section-height-default\" data-id=\"a179ae2\" data-element_type=\"section\" data-e-type=\"section\">\n\t\t\t\t\t\t<div class=\"elementor-container elementor-column-gap-default\">\n\t\t\t\t\t<div class=\"elementor-column elementor-col-100 elementor-top-column elementor-element elementor-element-28ea4f0\" data-id=\"28ea4f0\" data-element_type=\"column\" data-e-type=\"column\">\n\t\t\t<div class=\"elementor-widget-wrap elementor-element-populated\">\n\t\t\t\t\t\t<div class=\"elementor-element elementor-element-73cc791 elementor-widget elementor-widget-text-editor\" data-id=\"73cc791\" data-element_type=\"widget\" data-e-type=\"widget\" data-widget_type=\"text-editor.default\">\n\t\t\t\t<div class=\"elementor-widget-container\">\n\t\t\t\t\t\t\t\t\t<h2><strong>Bureau d&rsquo;\u00e9tudes techniques SKIREDJ<\/strong><\/h2><p><br \/>Bureau d\u2019\u00e9tudes techniques BET SKIREDJ : un savoir-faire pluridisciplinaire dans les domaines du b\u00e2timent et des travaux publics.<\/p><p>Pour toute question sur nos prestations, <strong><a class=\"contact\" href=\"https:\/\/www.betskiredj.com\/www\/contact\/\">contactez nous.<\/a><\/strong><\/p><p>Le pr\u00e9sent site internet accessible \u00e0 l\u2019adresse https:\/\/betskiredj.com (ci-apr\u00e8s d\u00e9sign\u00e9 le \u00ab Site \u00bb) est \u00e9dit\u00e9 par la soci\u00e9t\u00e9 BET SKIREDJ.<\/p><p>\u00a0<\/p><h3><strong>Identification<\/strong><\/h3><p><strong>Editeur du site :<\/strong><br \/>BET SKIREDJ au capital de 300 000 MAD<br \/><strong>Patente<\/strong>\u00a0 <b><span lang=\"EN-GB\">I.F<\/span><\/b><span lang=\"EN-GB\"> 15 16 81 20\u00a0 <b>T.P<\/b> 50451100 <\/span><\/p><p><span lang=\"EN-GB\"><b>CNSS<\/b> 9974884<\/span><br \/><span lang=\"EN-GB\"><b>RC<\/b> 64953<\/span><\/p><p><b><span lang=\"EN-GB\">Compte WAFABANK Agence Pasteur<\/span><\/b><span lang=\"EN-GB\"> &#8211;<b>TANGER-<\/b> 0592 S 000\u00a0000\u00a0978<\/span><\/p><p>\u00a0<\/p><h4>Si\u00e8ge social :<em><br \/><\/em><\/h4><p>8 Rue Bilal, R\u00e9sidence les Orangers, 2\u00e8me \u00e9tage, appartement 5, 90 000 Tanger<\/p><p>\u00a0<\/p><h4>T\u00e9l\u00e9phone :<\/h4><p>+212 5 39 94 53 00<\/p><p>\u00a0<\/p><h4>Email de contact :<\/h4><p>info@betskiredj.com<\/p><p>\u00a0<\/p><h4>Publication :<\/h4><p>Directeur de la publication :\u00a0Nizar SKIREDJ<br \/>Email de contact : info@betskiredj.com<\/p><p>\u00a0<\/p><h4>H\u00e9bergement :<\/h4><p><strong>Le Site est h\u00e9berg\u00e9 par :<\/strong><\/p><p><b>IONOS France<\/b><\/p><p>\u00a0<\/p><p>Tous les d\u00e9tails, documents, illustrations et th\u00e8mes publi\u00e9s sur ce site internet sont la propri\u00e9t\u00e9 de BET SKIREDJ. Aucun \u00e9l\u00e9ment composant le site ne peut \u00eatre utilis\u00e9 de quelque mani\u00e8re que ce soit, sous quelque support que ce soit, de fa\u00e7on partielle ou int\u00e9grale, sans l\u2019autorisation \u00e9crite et pr\u00e9alable de BET SKIREDJ, et constituerait une contrefa\u00e7on sanctionn\u00e9e par les articles concern\u00e9s du Code de la propri\u00e9t\u00e9 intellectuelle.<br \/>Toute permission d\u2019utilisation de ces d\u00e9tails, documents, illustrations et th\u00e8mes est accord\u00e9e sous r\u00e9serve que l\u2019avis des droits d\u2019auteur apparaisse sur toutes les copies, que ces d\u00e9tails ne soient utilis\u00e9s qu\u2019\u00e0 des fins personnelles et non commerciales, qu\u2019ils ne soient modifi\u00e9s d\u2019aucune fa\u00e7on.<br \/>La mention suivante doit notamment appara\u00eetre sur toute copie autoris\u00e9e de tout ou partie du contenu du site: \u201cCopyright 2021 \u2013 BET SKIREDJ. Tous droits r\u00e9serv\u00e9s\u201d accompagn\u00e9e d\u2019un lien pointant vers le site <a href=\"https:\/\/comenscene.com\/\" target=\"_blank\" rel=\"noopener\">https:\/\/betskiredj.com<\/a><\/p><p>Toute utilisation autoris\u00e9e des \u00e9l\u00e9ments composant ou figurant dans le site doit se faire sans d\u00e9naturation, modification ou alt\u00e9ration de quelque mani\u00e8re que ce soit.<\/p><p>\u00a0<\/p><h3>COOKIES<\/h3><p>L\u2019utilisateur est inform\u00e9 que lors de ses visites sur le site, un cookie peut s\u2019installer automatiquement sur son logiciel de navigation. Un cookie est un \u00e9l\u00e9ment qui ne permet pas d\u2019identifier l\u2019utilisateur mais sert \u00e0 enregistrer des informations relatives \u00e0 la navigation de celui-ci sur le site Internet. L\u2019utilisateur pourra d\u00e9sactiver ce cookie par l\u2019interm\u00e9diaire des param\u00e8tres figurant au sein de son logiciel de navigation.<\/p>\t\t\t\t\t\t\t\t<\/div>\n\t\t\t\t<\/div>\n\t\t\t\t\t<\/div>\n\t\t<\/div>\n\t\t\t\t\t<\/div>\n\t\t<\/section>\n\t\t\t\t<\/div>\n\t\t","protected":false},"excerpt":{"rendered":"<p>Bureau d&rsquo;\u00e9tudes techniques SKIREDJ Bureau d\u2019\u00e9tudes techniques BET SKIREDJ : un savoir-faire pluridisciplinaire dans les domaines du b\u00e2timent et des travaux publics. Pour toute question sur nos prestations, contactez nous. Le pr\u00e9sent site internet accessible \u00e0 l\u2019adresse https:\/\/betskiredj.com (ci-apr\u00e8s d\u00e9sign\u00e9 le \u00ab Site \u00bb) est \u00e9dit\u00e9 par la soci\u00e9t\u00e9 BET SKIREDJ. Identification Editeur du site [&hellip;]<\/p>\n","protected":false},"author":2,"featured_media":0,"parent":0,"menu_order":0,"comment_status":"closed","ping_status":"closed","template":"elementor_header_footer","meta":{"_acf_changed":false,"footnotes":""},"folder":[207],"class_list":["post-2619","page","type-page","status-publish","hentry"],"acf":[],"_links":{"self":[{"href":"https:\/\/betskiredj.com\/www\/wp-json\/wp\/v2\/pages\/2619","targetHints":{"allow":["GET"]}}],"collection":[{"href":"https:\/\/betskiredj.com\/www\/wp-json\/wp\/v2\/pages"}],"about":[{"href":"https:\/\/betskiredj.com\/www\/wp-json\/wp\/v2\/types\/page"}],"author":[{"embeddable":true,"href":"https:\/\/betskiredj.com\/www\/wp-json\/wp\/v2\/users\/2"}],"replies":[{"embeddable":true,"href":"https:\/\/betskiredj.com\/www\/wp-json\/wp\/v2\/comments?post=2619"}],"version-history":[{"count":0,"href":"https:\/\/betskiredj.com\/www\/wp-json\/wp\/v2\/pages\/2619\/revisions"}],"wp:attachment":[{"href":"https:\/\/betskiredj.com\/www\/wp-json\/wp\/v2\/media?parent=2619"}],"wp:term":[{"taxonomy":"folder","embeddable":true,"href":"https:\/\/betskiredj.com\/www\/wp-json\/wp\/v2\/folder?post=2619"}],"curies":[{"name":"wp","href":"https:\/\/api.w.org\/{rel}","templated":true}]}}