{"id":6422,"date":"2021-11-29T15:04:10","date_gmt":"2021-11-29T14:04:10","guid":{"rendered":"https:\/\/betskiredj.com\/www\/?page_id=6422"},"modified":"2021-12-28T12:35:38","modified_gmt":"2021-12-28T11:35:38","slug":"genie-civil-special","status":"publish","type":"page","link":"https:\/\/betskiredj.com\/www\/genie-civil\/genie-civil-special\/","title":{"rendered":"G\u00e9nie civil sp\u00e9cial"},"content":{"rendered":"<p>Le <a href=\"https:\/\/betskiredj.com\/www\/genie-civil\/\">g\u00e9nie civil<\/a> sp\u00e9cial concerne par exemple les recherches nucl\u00e9aires. BET SKIREDJ a pu construire un <a href=\"https:\/\/betskiredj.com\/www\/batiment\/\">b\u00e2timent<\/a> pour la recherche nucl\u00e9aire \u00e0 Tanger. C\u2019est un g\u00e9nie civil tr\u00e8s particulier dont les sp\u00e9cifications sont tr\u00e8s pointues, avec des syst\u00e8mes de contr\u00f4le tr\u00e8s \u00e9labor\u00e9s. Le g\u00e9nie civil sp\u00e9cial comme le nucl\u00e9aire fait partie des domaines de pointe de la construction.<\/p>\n<p>Au Maroc, le g\u00e9nie civil sp\u00e9cial est en cours de d\u00e9veloppement parce qu\u2019il y a des centres de recherche qui grandissent.<\/p>\n<p>Dans le g\u00e9nie civil nucl\u00e9aire, Nous avons r\u00e9alis\u00e9 un centre pour l\u2019INRH (Institut National de Recherche Halieutique). C\u2019est un centre de biologie mol\u00e9culaire dans lequel on a construit de grosses chemin\u00e9es.<\/p>\n","protected":false},"excerpt":{"rendered":"<p>Le g\u00e9nie civil sp\u00e9cial concerne par exemple les recherches nucl\u00e9aires. BET SKIREDJ a pu construire un b\u00e2timent pour la recherche nucl\u00e9aire \u00e0 Tanger. C\u2019est un g\u00e9nie civil tr\u00e8s particulier dont les sp\u00e9cifications sont tr\u00e8s pointues, avec des syst\u00e8mes de contr\u00f4le tr\u00e8s \u00e9labor\u00e9s. Le g\u00e9nie civil sp\u00e9cial comme le nucl\u00e9aire fait partie des domaines de pointe [&hellip;]<\/p>\n","protected":false},"author":2,"featured_media":0,"parent":2586,"menu_order":0,"comment_status":"closed","ping_status":"closed","template":"","meta":{"_acf_changed":false,"footnotes":""},"folder":[202],"class_list":["post-6422","page","type-page","status-publish","hentry"],"acf":[],"_links":{"self":[{"href":"https:\/\/betskiredj.com\/www\/wp-json\/wp\/v2\/pages\/6422","targetHints":{"allow":["GET"]}}],"collection":[{"href":"https:\/\/betskiredj.com\/www\/wp-json\/wp\/v2\/pages"}],"about":[{"href":"https:\/\/betskiredj.com\/www\/wp-json\/wp\/v2\/types\/page"}],"author":[{"embeddable":true,"href":"https:\/\/betskiredj.com\/www\/wp-json\/wp\/v2\/users\/2"}],"replies":[{"embeddable":true,"href":"https:\/\/betskiredj.com\/www\/wp-json\/wp\/v2\/comments?post=6422"}],"version-history":[{"count":0,"href":"https:\/\/betskiredj.com\/www\/wp-json\/wp\/v2\/pages\/6422\/revisions"}],"up":[{"embeddable":true,"href":"https:\/\/betskiredj.com\/www\/wp-json\/wp\/v2\/pages\/2586"}],"wp:attachment":[{"href":"https:\/\/betskiredj.com\/www\/wp-json\/wp\/v2\/media?parent=6422"}],"wp:term":[{"taxonomy":"folder","embeddable":true,"href":"https:\/\/betskiredj.com\/www\/wp-json\/wp\/v2\/folder?post=6422"}],"curies":[{"name":"wp","href":"https:\/\/api.w.org\/{rel}","templated":true}]}}